22 is divided by 1955?
2
What is the remainder when 14618 is divided by 14610?
8
Calculate the remainder when 462918 is divided by 121.
93
Calculate the remainder when 76941 is divided by 73.
72
What is the remainder when 2460224 is divided by 6?
2
What is the remainder when 1804 is divided by 225?
4
Calculate the remainder when 292897 is divided by 15.
7
Calculate the remainder when 3147 is divided by 1212.
723
Calculate the remainder when 105928 is divided by 321.
319
What is the remainder when 324209 is divided by 1743?
11
Calculate the remainder when 9558 is divided by 456.
438
What is the remainder when 29138 is divided by 15?
8
Calculate the remainder when 905 is divided by 92.
77
What is the remainder when 15347 is divided by 497?
437
Calculate the remainder when 36324 is divided by 39.
15
Calculate the remainder when 146804 is divided by 146782.
22
What is the remainder when 96536 is divided by 603?
56
Calculate the remainder when 496253 is divided by 8.
5
What is the remainder when 118578 is divided by 14815?
58
What is the remainder when 10075 is divided by 1679?
1
Calculate the remainder when 767 is divided by 372.
23
Calculate the remainder when 6335 is divided by 7.
0
What is the remainder when 1215093 is divided by 24?
21
Calculate the remainder when 5562 is divided by 1093.
97
Calculate the remainder when 8407 is divided by 223.
156
What is the remainder when 275932 is divided by 5?
2
What is the remainder when 15219 is divided by 525?
519
What is the remainder when 190404 is divided by 95186?
32
What is the remainder when 934 is divided by 21?
10
What is the remainder when 47068 is divided by 160?
28
What is the remainder when 1332 is divided by 32?
20
What is the remainder when 19567 is divided by 6522?
1
What is the remainder when 8015 is divided by 7396?
619
What is the remainder when 30645 is divided by 1135?
0
Calculate the remainder when 15886 is divided by 15365.
521
What is the remainder when 454 is divided by 155?
144
Calculate the remainder when 3890 is divided by 1818.
254
Calculate the remainder when 156140 is divided by 22303.
19
Calculate the remainder when 1579 is divided by 350.
179
What is the remainder when 15169 is divided by 15157?
12
Calculate the remainder when 39516 is divided by 500.
16
What is the remainder when 7232 is divided by 3317?
598
Calculate the remainder when 11088 is divided by 1718.
780
Calculate the remainder when 974756 is divided by 18.
2
What is the remainder when 11767 is divided by 10?
7
What is the remainder when 26773 is divided by 291?
1
What is the remainder when 1239 is divided by 232?
79
Calculate the remainder when 11500 is divided by 26.
8
What is the remainder when 5176 is divided by 24?
16
Calculate the remainder when 10330 is divided by 2066.
0
Calculate the remainder when 11624 is divided by 12.
8
Calculate the remainder when 9913 is divided by 1996.
1929
What is the remainder when 5880 is divided by 2364?
1152
Calculate the remainder when 8674 is divided by 347.
346
What is the remainder when 50491 is divided by 276?
259
What is the remainder when 65144 is divided by 407?
24
Calculate the remainder when 27230 is divided by 6784.
94
Calculate the remainder when 1141 is divided by 283.
9
What is the remainder when 247447 is divided by 759?
13
Calculate the remainder when 5149 is divided by 1685.
94
Calculate the remainder when 3030 is divided by 6.
0
What is the remainder when 9460 is divided by 675?
10
Calculate the remainder when 18769 is divided by 7.
2
What is the remainder when 9715 is divided by 216?
211
Calculate the remainder when 25021 is divided by 35.
31
What is the remainder when 1164 is divided by 427?
310
Calculate the remainder when 836 is divided by 70.
66
What is the remainder when 44741 is divided by 329?
326
Calculate the remainder when 29222 is divided by 85.
67
Calculate the remainder when 27548 is divided by 734.
390
Calculate the remainder when 59721 is divided by 66.
57
Calculate the remainder when 680339 is divided by 20.
19
What is the remainder when 1099 is divided by 92?
87
Calculate the remainder when 20463 is divided by 311.
248
What is the remainder when 24476 is divided by 1880?
36
What is the remainder when 13129 is divided by 600?
529
What is the remainder when 476409 is divided by 10?
9
What is the remainder when 13262 is divided by 390?
2
Calculate the remainder when 6804 is divided by 3301.
202
What is the remainder when 1279346 is divided by 37?
34
What is the remainder when 62999 is divided by 210?
209
What is the remainder when 23738 is divided by 4741?
33
What is the remainder when 111385 is divided by 27844?
9
What is the remainder when 3653 is divided by 455?
13
What is the remainder when 1875 is divided by 42?
27
What is the remainder when 91648 is divided by 10182?
10
Calculate the remainder when 1371748 is divided by 59.
57
What is the remainder when 158955 is divided by 883?
15
Calculate the remainder when 8390 is divided by 1631.
235
Calculate the remainder when 1651419 is divided by 231.
0
Calculate the remainder when 6282 is divided by 109.
69
Calculate the remainder when 117727 is divided by 26.
25
What is the remainder when 2193 is divided by 489?
237
Calculate the remainder when 7776 is divided by 80.
16
Calculate the remainder when 22913 is divided by 297.
44
Calculate the remainder when 707327 is divided by 12.
11
Calculate the remainder when 4493 is divided by 2115.
263
What is the remainder when 19051 is divided by 1465?
6
What is the remainder when 266075 is divided by 17?
8
Calculate the remainder when 73959 is divided by 32.
7
Calculate the remainder when 6911320 is divided by 33.
31
What is the remainder when 2142 is divided by 353?
24
What is the remainder when 22174 is divided by 41?
34
Calculate the remainder when 2001603 is divided by 311.
7
What is the remainder when 520089 is divided by 700?
689
What is the remainder when 4351 is divided by 20?
11
What is the remainder when 1887 is divided by 148?
111
What is the remainder when 19497 is divided by 19?
3
What is the remainder when 19613 is divided by 6510?
83
Calculate the remainder when 99135 is divided by 168.
15
Calculate the remainder when 18755 is divided by 1555.
95
Calculate the remainder when 30499 is divided by 83.
38
What is the remainder when 16470 is divided by 201?
189
What is the remainder when 111660 is divided by 188?
176
Calculate the remainder when 2557 is divided by 757.
286
Calculate the remainder when 6210 is divided by 215.
190
Calculate the remainder when 22177 is divided by 2101.
1167
What is the remainder when 982 is divided by 901?
81
Calculate the remainder when 3419 is divided by 23.
15
What is the remainder when 9431 is divided by 3143?
2
Calculate the remainder when 6654 is divided by 26.
24
What is the remainder when 3542 is divided by 18?
14
What is the remainder when 1109 is divided by 59?
47
Calculate the remainder when 2384 is divided by 24.
8
What is the remainder when 171787 is divided by 16?
11
What is the remainder when 629296 is divided by 175?
171
What is the remainder when 36017 is divided by 20?
17
Calculate the remainder when 9287 is divided by 144.
71
Calculate the remainder when 171821 is divided by 376.
365
What is the remainder when 103998 is divided by 64?
62
Calculate the remainder when 33016 is divided by 10952.
160
Calculate the remainder when 265731 is divided by 88574.
9
What is the remainder when 106861 is divided by 2?
1
What is the remainder when 247 is divided by 141?
106
What is the remainder when 10732 is divided by 20?
12
Calculate the remainder when 7001 is divided by 2108.
677
What is the remainder when 1189107 is divided by 316?
315
What is the remainder when 6763 is divided by 213?
160
What is the remainder when 491245 is divided by 173?
98
Calculate the remainder when 2928 is divided by 900.
228
What is the remainder when 142637 is divided by 71315?
7
Calculate the remainder when 246863 is divided by 61708.
31
What is the remainder when 21817 is divided by 406?
299
Calculate the remainder when 5901 is divided by 123.
120
What is the remainder when 5336 is divided by 5111?
225
What is the remainder when 795341 is divided by 6?
5
Calculate the remainder when 2556 is divided by 374.
312
Calcul